(-60)/(-16) + 1/4. Let r = -3 + l. Give t(r).
-2
Let s(g) = 8*g - 1. Let a(q) = 15*q - 3. Let m(l) = 5*a(l) - 9*s(l). Suppose -10*u = -9*u - 5. Give m(u).
9
Let w(m) = -2*m + 1 - m + m**2 - 2*m**2. Let r(c) = -c**3 - 8*c**2 - 8*c - 10. Let f be r(-7). Give w(f).
1
Let c be (4/(-2) - 0)*1. Let u(p) = p**2 + p - 1. Give u(c).
1
Let k(a) be the third derivative of 0*a - 3/8*a**4 + 0*a**3 + 0 - 6*a**2. Calculate k(1).
-9
Suppose -p = 4*p - 10. Suppose 0*l = -4*y - 4*l - 28, -p*y = -5*l. Let w(r) = -r**3 - 4*r**2 + 4*r + 7. Calculate w(y).
12
Let m(c) = -c + 1. Suppose -p - p + 4 = 0. Suppose -p*h + 6 = -16. Suppose h = -3*a - 1. Determine m(a).
5
Let c(r) = -r**2 - r + 3. Let u(o) = -o**2 + 3. Let g(f) = -2*c(f) + 3*u(f). Determine g(4).
-5
Let m be 51/9 + (-1)/(-3). Suppose -4*b - m = 2. Let x(h) be the first derivative of 3*h**2/2 + 2*h - 2. What is x(b)?
-4
Let b(x) = x**2 - x + 2. Let i be 2 + (0 - (-3)/3). Suppose -i*w - 3 - 6 = 0. Let u(k) = -k - 1. Let n be u(w). Determine b(n).
4
Let x(v) be the third derivative of v**8/3360 - v**7/5040 - v**6/720 - v**5/20 + 2*v**2. Let q(r) be the third derivative of x(r). Give q(-1).
6
Let s(p) be the second derivative of 7*p**3/6 - p**2/2 - 4*p. Calculate s(1).
6
Suppose 3*g = -2*g + 25. Suppose p + 0*p + g = 0. Let f(t) = t + 2. Give f(p).
-3
Let g(o) = -3*o - o**2 + 3*o + 2*o - 3*o. Let q be ((2 + -2)/1)/(-2). Suppose 0 = -v - 2 - q. Give g(v).
-2
Suppose d + 2 = 0, -2 = t + 4*d - 6. Suppose 2*l + 5*p - 9 = 0, -2*l = -0*l - 2*p + t. Let n = l + 7. Let w(a) = -a**3 + 4*a**2 - a - 3. What is w(n)?
-7
Let g be (-68)/(-7) + (-4)/(-14). Suppose g = -5*r - 15. Let x(u) = u + 2 + 0*u + 3. Determine x(r).
0
Let q(h) = h**3 - 4*h**2 + 5*h - 4. Let c be q(3). Let d(g) = g**2 - 4*g**2 - 2*g**c + 5*g + g**3 - 6 + 0*g**3. Determine d(4).
-2
Let z(r) = -8*r**3 + r**2 + r + 1. Let g be 4/22 - ((-175)/(-55) + -2). What is z(g)?
9
Let s = -6 + 3. Let b(o) = 3*o + 1. Let c(z) = 13*z + 3. Let n(l) = 9*b(l) - 2*c(l). Calculate n(s).
0
Let a(b) = 3*b**3. Let i(l) = -l**3. Let n(v) = -a(v) - 2*i(v). Let t(u) = u**2 - 8*u + 5. Let q be t(7). Let j = q + 1. Calculate n(j).
1
Let b(f) = -1 + 6*f - 7*f + 0. Determine b(-1).
0
Let s(m) = -4*m + 1. Let g be s(-1). Let w(b) be the second derivative of b**4/12 - 5*b**3/6 + b**2 - 37*b. What is w(g)?
2
Let r(y) be the second derivative of 1/6*y**3 - 3*y**2 + 0 + 2*y. Suppose 4*a = a. What is r(a)?
-6
Suppose 0 = 2*k - 0 - 4. Let y(t) = k*t**2 - t**2 + 12 - 9 - 6*t. Determine y(5).
-2
Let h(x) be the first derivative of x**3/3 - 3*x**2/2 - 5*x + 2. Suppose n + 2*n = -y - 26, 3*n + 5*y = -10. Let l(d) = d + 14. Let v be l(n). Determine h(v).
-1
Suppose 2*v = -7 - 5. Let t(y) = 23 - 7*y - y**2 + 27 - 51. Determine t(v).
5
Let m(s) = 4*s**3 - 13*s**2 + 12*s - 10. Let p(c) = c**3 - c**2 + c - 1. Let z(y) = m(y) - 5*p(y). What is z(-9)?
13
Let w(l) = -2*l + 1. Let f = -7 + -2. Let g = -13 - f. What is w(g)?
9
Let j be (0*2/6)/2. Let k(c) be the third derivative of 0 + 2*c**2 + j*c - 5/6*c**3 + 1/12*c**4. Give k(4).
3
Let j(m) be the first derivative of -m**4/12 + m**3/6 + m**2/2 - 3*m - 3. Let y(h) be the first derivative of j(h). What is y(-2)?
-5
Let a(f) be the third derivative of f**5/60 - f**4/8 - 2*f**3/3 + 2*f**2. Let r(v) be the first derivative of a(v). Calculate r(2).
1
Suppose 0 = -a - 2*a + 3. Let o(u) = 3 - 3 + u**2 - 4*u - a + 0. Give o(5).
4
Let m(u) be the second derivative of 1/20*u**5 + 1/3*u**3 + 1/4*u**4 - 2*u + 0*u**2 + 0. Determine m(-3).
-6
Let x = -10 + 8. Let z(h) = 2*h**3 + 4*h**2 + 3*h + 1. Give z(x).
-5
Let a be (-96)/30 + (-2)/30*-3. Let i(j) = j**3 + j**2 - 3*j + 3. What is i(a)?
-6
Let b(v) = -4*v + 1. Let g = -17 + 20. Give b(g).
-11
Let t(a) be the third derivative of a**7/5040 - a**6/720 + a**5/12 + 5*a**2. Let i(n) be the third derivative of t(n). Give i(2).
1
Suppose -6*z - 1 = -7*z. Let x(h) = -5*h**3 + 1. Calculate x(z).
-4
Let w(r) = -3*r**2 - r + 1. Suppose -7 = -5*a - 42. Let l(k) = 3 + 7*k - 2 + 2*k**2 - k**2. Let o be l(a). What is w(o)?
-3
Let b(a) be the second derivative of -a**5/120 - 5*a**4/24 - 5*a**3/6 - a. Let o(s) be the second derivative of b(s). Give o(-3).
-2
Let r(b) = -b + 3. Let o be r(0). Let q = 5 - o. Let d(a) = 5*a + 2 - 2 - 4 + 1. Calculate d(q).
7
Let k be (1 - 5)/4 + 2. Let z be (2 + -1)/(0 - k). Let g(u) = 6*u**2 + 2*u + 1. Determine g(z).
5
Let r(m) = m**3 + 3*m**2 - 6*m - 2. Suppose 0*h = -2*h - 4, 2*o - 3*h - 24 = 0. Let d = -5 + 10. Suppose d*y + 11 = -o. What is r(y)?
6
Let u(b) = 2*b + 1. Let k(h) = h + 1. Let f(d) = -5*k(d) + 3*u(d). Suppose -3*i + 4*v + 17 = 0, 4*i + 2*v - 8 = -0*v. Calculate f(i).
1
Let t(c) = 23*c**3 - c + 3. Let d(n) = 1. Let i(k) = 3*d(k) - t(k). Give i(1).
-22
Suppose 2*q = -4*i - 3*q - 6, 18 = -4*i + q. Let j = 1 - i. Let l(r) = 6*r**2 + r**3 - 4*r - 3 + 0 - 2*r**3. Give l(j).
2
Let a(h) = -h**3 - h**2 - h + 9. Suppose 4*f = 4*x + 20, -2*x + f - 15 = -2*f. Let l be 6/(-3) + x + 2. Give a(l).
9
Let k(b) = -b**3 - b**2 - b - 5. Suppose -8*i + 5*i = 0. Calculate k(i).
-5
Suppose 4*k - k - 3 = 0. Let f(r) = -6*r - 5. Let h(j) = -j - 1. Let m(t) = k*f(t) - 5*h(t). Calculate m(7).
-7
Let q(w) be the first derivative of -w**5/60 - w**4/24 + 13*w**3/6 - w**2/2 - 3. Let o(m) be the second derivative of q(m). Determine o(0).
13
Let b be (1 - 0 - 1)*-1. Let s(m) = 3 - 4 + b*m - 3*m. Suppose -5*v = 4*j + 37, 0 = -4*j - 2*v - 36 + 14. Determine s(j).
8
Let o(z) = -z**3 + z**2 - z - 5. Let x be o(0). Let g(q) = -4*q - 7. Determine g(x).
13
Let z(h) be the first derivative of h**4/4 + 2*h**3 - 3*h**2/2 - 5*h - 5. What is z(-6)?
13
Suppose 3*w + 4*i + 10 = 2, -4*w + 41 = -5*i. Let p(c) = 6 + 3*c**2 + 0*c**2 - w*c**2 + 4*c - 3. Let o(t) = 2*t**3 - 3*t**2 + 1. Let k be o(2). Determine p(k).
-2
Let t(l) = -l**2 + 2*l + 5. Suppose -4*g + 5 = -5*i, 4*g + i + 2 = 5*g. Determine t(g).
-10
Let s = 151 + -146. Let t(h) = h**2 - 4*h + 5. Give t(s).
10
Let b(i) = i + 1. Let z be b(0). Let y(o) be the first derivative of o**4/3 + 7*o + 2. Let g(a) be the first derivative of y(a). Give g(z).
4
Suppose 27 = -v + 81. Suppose -h - v = 5*y, -y - 5*h = -2*h + 8. Let j = -7 - y. Let s(a) = a. What is s(j)?
4
Let y(s) = 4*s**3 - s**2 - s + 1. Let d(z) = z**2 - 15*z - 15. Let c be d(16). Calculate y(c).
3
Let d(c) = -c**2 - 4*c - 2. Let v be d(-4). Let j = v - -6. Let g(t) = 10*t + 4*t - 13*t + 0*t. What is g(j)?
4
Let m(x) = x**3 + 5*x**2 - 3. Let j(v) = v**2 + 5*v - 5. Let d be j(-4). Let k = 4 + d. Calculate m(k).
-3
Suppose 0 = -y + 2*y - 2. Let p(z) = -z - y*z + 0*z. Let k(b) = -3*b**3 + b**2 + b - 1. Let f be k(1). Give p(f).
6
Let u(s) = 7*s**2 - 6*s + 6. Let v(k) = 6*k**2 - 5*k + 5. Let h(p) = 5*u(p) - 6*v(p). Determine h(2).
-4
Let x(f) = f**3 - 3*f**2 - f - 1. Let l(t) = -t**2 + 9*t - 14. Let r be l(7). Let c(y) = -y**2 + 8*y - 1. Let z be c(5). Suppose -4*a - 2 + z = r. Give x(a).
-4
Let g = -1 - -3. Let p(w) be the first derivative of 0*w + 1/2*w**2 + 1/3*w**3 - 9 - 1/4*w**4. Determine p(g).
-2
Let d(t) = 3*t**2 + t**3 + 0 - 2*t**3 + 1 - 4*t**2 + 2*t. Determine d(-2).
1
Let k(c) = 4*c + 1. Let m be 48/(-60)*10/(-4). Suppose -5*r = -5*j + 4*j - 8, 5*j - 4*r = m. Calculate k(j).
9
Let o(y) = -8 + 8 + y**2 + 6*y + 1. Suppose 3*p + 1 = -23. Let z be (3/(-1))/((-6)/p). Calculate o(z).
-7
Let s(g) = 0*g**3 - g**3 + 1 - 2 + 2*g**2 + 3*g**3. What is s(1)?
3
Let n(b) = 32 - 14 - 8 - 2 - b. Give n(0).
8
Let p(d) = 4*d + 1. Suppose 2*m - 3*l - 30 = -m, 9 = 3*m + 4*l. Let q(b) be the first derivative of -b**3/3 + 4*b**2 - 8*b - 2. Let r be q(m). Calculate p(r).
-3
Let u(m) = -2*m + 1. Let b = 1 + -1. Suppose l = -3*g - 4 - b, 0 = 5*g - 3*l + 30. Give u(g).
7
Suppose 0 = 10*i - 12*i - 26. Let r(o) = o + 13. Calculate r(i).
0
Suppose -9*g - g + 10 = 0. Suppose 4*t = -t - 10. Let k(y) = 46*y - 11. Let v(u) = -9*u + 2. Let p(o) = t*k(o) - 11*v(o). Give p(g).
7
Let p = 4 - 3. Let v = p + 0. Suppose u - 4 + v = 0. Let m(i) = i + 1. Calculate m(u).
4
Let j(n) be the second derivative of -n**4/12 + 5*n**3/6 - n**2/2 - n + 1. Give j(4).
3
Let d(n) be the third derivative of n**4/8 + 7*n**3/6 + 14*n**2. Calculate d(-5).
-8
Suppose h + 2*w - 3 = -1, 4*w = 0. Let c(a) = 4*a - 1 - h + 0*a - a**2. Determine c(3).
0
Let b(j) be the secon